e 9 = 2*c - 3*i, -5 = -c - 2*i + 4*i. Let b be j(c). Calculate the greatest common divisor of 104 and b.
13
Let c = -4 - -9. Let b be (-492)/(-9) - (-2)/6. What is the highest common factor of b and c?
5
Suppose 2*u = 296 + 114. Let y be 6/(-24) + u/4. What is the highest common divisor of 34 and y?
17
Suppose 2*y - 5 = -4*r + 7, -2*r = 4. Let q be 39/26*(-4)/(-6). Let t be (3/(-6))/q*-10. Calculate the highest common divisor of y and t.
5
Suppose 5*s - 164 - 1 = 0. Let h be (2 - (0 + 1))*0. Suppose l - 3 = -h. Calculate the greatest common divisor of l and s.
3
Let s = -52 + 71. What is the highest common factor of s and 19?
19
Let d = 4 - 9. Let x = d - -29. Suppose -3*y - 5*p = -46, -3*y + 40 = 5*p - 3*p. Calculate the highest common divisor of x and y.
12
Let i = 18 + -15. What is the highest common divisor of 2 and i?
1
Let h = 10 + -32. Let x = h + 34. Calculate the greatest common factor of x and 96.
12
Let v be (-6)/(-1 - (-3)/((-24)/4)). Calculate the greatest common divisor of 32 and v.
4
Suppose -5*r + 22 = -13. What is the greatest common factor of r and 35?
7
Let h(q) = -56*q. Let y be h(-1). Let v = 10 + -14. Let m = 4 - v. Calculate the highest common divisor of m and y.
8
Suppose 0 = 5*l + 3*r - 160, 3*l - 139 = -5*r - 59. What is the greatest common factor of 7 and l?
7
Suppose 2*f + 53 = 5*q, -4*f - f = 4*q - 16. Calculate the greatest common factor of q and 12.
3
Suppose 10 = q - 6*k + 3*k, 4*k = 2*q - 20. Let s = -3 - -5. Calculate the greatest common divisor of s and q.
2
Let x be (1/1)/((-13)/(-208)). Suppose 0 = 2*j - 8 + 2, 5*c + 5*j - 655 = 0. What is the greatest common factor of x and c?
16
Let a be 1848/9 + (-32)/24. Calculate the greatest common factor of 12 and a.
12
Suppose 0 = 3*d - 7*d + 88. Calculate the highest common factor of 55 and d.
11
Suppose 0*l + l - 92 = -5*i, 78 = 4*i + 3*l. Let t = 75 - 39. Suppose -2*y + 0*y + t = 0. Calculate the greatest common factor of y and i.
18
Let k = 3 - -5. Calculate the highest common factor of k and 232.
8
Let c(l) = -l**3 - 5*l**2 + 7*l + 6. Let n be c(-6). Suppose n = -6*x + 2*x + 80. What is the highest common divisor of x and 10?
10
Let o(h) = h - 5. Let d be o(10). Suppose f = d*f - 16. Suppose 1 - 2 = -r. What is the greatest common divisor of r and f?
1
Let s = 10 + -2. Calculate the greatest common factor of 20 and s.
4
Let t = 109 - 77. Calculate the highest common divisor of 352 and t.
32
Suppose 9 = 3*v - 0*v. Suppose -35 = -2*x + v*m, -4*x = -4*m - 72 - 0. Calculate the highest common divisor of 57 and x.
19
Suppose -h + 5*h - 4 = 0. Suppose -5*g = -h - 44. What is the greatest common divisor of 36 and g?
9
Suppose -2*a = -4*a + 8. Suppose 0*p = -4*p + 16. What is the highest common divisor of a and p?
4
Let h = 60 + -38. Calculate the highest common divisor of h and 22.
22
Let r be (-622)/(-8) + -4 - 4/(-16). What is the greatest common divisor of 111 and r?
37
Let k be (2 + 0)/(2/3). Suppose 2*c = -x - 0*x + 35, -c + 58 = 2*x. What is the highest common factor of k and x?
3
Let u = -64 - -73. Let h = -84 + 165. Calculate the greatest common factor of u and h.
9
Suppose -13*k + 15*k - 190 = 0. What is the greatest common factor of 19 and k?
19
Let d = 4 + 1. Suppose -2*i = 4*p - 62, d*p - i = 2*p + 44. What is the highest common factor of p and 10?
5
Let a(w) = 32*w - 29. Let u be a(7). What is the greatest common factor of u and 15?
15
Suppose d + 0 - 2 = 0. Suppose -7 - 7 = d*j. Let x(y) = -2*y - 5. Let w be x(j). What is the greatest common divisor of 1 and w?
1
Suppose 6 = -3*m + 18, 117 = 5*g + 3*m. Suppose 4*c - 19 = 9. What is the highest common divisor of c and g?
7
Let y(t) be the first derivative of t**2/2 - 4*t - 2. Let i be y(7). Suppose x = i*x - 16. Calculate the highest common divisor of 24 and x.
8
Let a = 73 + 7. What is the highest common divisor of a and 32?
16
Let k = 7 - 7. Let w be 1*(2 + -1 - k). Suppose 18 = 3*j + 3*y, -4*y + 35 - 10 = 5*j. Calculate the greatest common divisor of w and j.
1
Let d(q) = q**3 + 7*q**2 + 6*q. Let a be d(-4). Let u = a + -14. Calculate the greatest common factor of u and 110.
10
Let w = -8 - -21. Suppose 2*p - 45 + w = -2*a, -2 = -2*p. Calculate the highest common divisor of 45 and a.
15
Let u(c) be the first derivative of 3*c**3 + c**2 - 4*c - 2. Suppose -6*z + 2*z - 16 = 0. Let t be u(z). What is the highest common divisor of 12 and t?
12
Let u = 214 + -49. What is the highest common divisor of 33 and u?
33
Let b(x) = 2*x**2 + 3*x + 8. Suppose j = 5*k + 5*j - 47, -32 = -5*k + j. Suppose h + k = -0*h. Let m be b(h). What is the greatest common factor of m and 17?
17
Let t(h) = h + 145. Let x be t(0). Suppose -3*g = -9, 2*g - g = 5*q - 17. Suppose x + 179 = 5*z - f, q*f - 4 = 0. What is the highest common factor of z and 13?
13
Suppose -d + 177 = 3*d - 3*f, d + f = 39. What is the greatest common factor of 6 and d?
6
Suppose -1078 = -7*u + 770. Calculate the highest common divisor of u and 33.
33
Let t(x) = -x**3 - 5*x**2. Let h be t(-5). Suppose o + 2*k - 15 = 0, o - 2*k = -h*o - 1. What is the greatest common divisor of 14 and o?
7
Let k be -5 + 1 + 2 - (-24)/3. Calculate the greatest common divisor of 14 and k.
2
Let d = -12 - -32. Calculate the highest common divisor of d and 30.
10
Suppose -25 = -4*o + 7. Calculate the highest common factor of 8 and o.
8
Suppose 4*q = -d + 2*q + 9, 0 = 4*q - 4. Suppose -7 = i - 2*i. Let j be i/((-2)/3 + 1). What is the highest common factor of j and d?
7
Let i be (-2)/(-4) + (-7)/(-2). Suppose 62 = i*c + 10. Let y(k) = -4*k + 1. Let s be y(-16). What is the highest common factor of c and s?
13
Let u be (-2)/11 - (-2296)/(-77). Let n = 0 - u. Calculate the greatest common factor of 45 and n.
15
Let o = 335 - 125. Calculate the greatest common factor of 84 and o.
42
Let h(f) = f**2 - 3*f - 12. Let y be h(-5). What is the greatest common factor of 7 and y?
7
Suppose -87 = -2*k + 15. Let w = k + -18. Calculate the highest common factor of 22 and w.
11
Suppose -30 - 3 = -3*s. Let y = s - 8. Suppose -v + 5 = 4*v. Calculate the greatest common divisor of v and y.
1
Suppose r - 16 = -3*r. Suppose 35 = r*q - 61. What is the highest common divisor of 3 and q?
3
Suppose -2*g + 4*s + 196 = 0, -4*s + 195 - 679 = -5*g. Let b = -20 + 32. What is the highest common divisor of b and g?
12
Let z = -41 + 46. Calculate the greatest common divisor of 40 and z.
5
Suppose 5*m + 20 = 5*w, 3*w - 2*m = -5 + 15. Suppose -8 = 4*g - 0. Let y be 1/((5/g)/(-5)). What is the highest common divisor of y and w?
2
Let c = -6 - -9. Let x be c/(2*9/12). Suppose -4*k = -18 - 2. Calculate the greatest common divisor of x and k.
1
Suppose -5*d = 17 + 8. Let k(o) = -1 + 2*o - 3 - 3*o. Let y be k(d). What is the highest common divisor of 7 and y?
1
Let o(q) = -6*q - 2. Let r be o(-1). What is the highest common factor of 12 and r?
4
Suppose -s + 12 = -3*s. Let f be (-331)/s + (-3)/18. Calculate the highest common divisor of 11 and f.
11
Let x be (1 - -6)/1 - -3. Suppose -3*i - 4*o = -26, 0*i + 23 = 2*i - 3*o. Calculate the highest common divisor of x and i.
10
Let f be ((-113 - 1)/(-2))/1. What is the greatest common divisor of f and 38?
19
Suppose -35 + 27 = -4*o. Let k be (-8 + -2)/(0 - o). Calculate the highest common factor of 5 and k.
5
Let t(r) = r**2 - 2*r - 3. Let q be t(5). Suppose -2*f = -3*w + 63 - 27, 0 = 3*f. Calculate the highest common factor of w and q.
12
Let u be 90/21 + (-4)/14. Suppose -2*v + 36 = 4*x, 6 - 2 = 3*v - 4*x. Let i = v - 4. What is the greatest common divisor of u and i?
4
Suppose 56 = 2*v + 2*v. What is the highest common factor of v and 98?
14
Let z = 216 + -136. Calculate the greatest common divisor of z and 16.
16
Suppose 3*b + 1 = 4*k, 4*k = -b - 0*b + 21. Calculate the highest common divisor of 55 and b.
5
Let t = 8 - 4. Suppose 165 = v + t*v. Calculate the greatest common factor of 22 and v.
11
Let f(h) = h**2 + 6*h + 3. Let x be f(-5). Let s be (x - 0) + 8*1. Let b = -13 - -19. Calculate the highest common divisor of s and b.
6
Suppose 6*q = q + 35. Let g be (-2 - -3) + 1*-5. Let f = 5 + g. What is the highest common divisor of f and q?
1
Let u = -11 - -18. Let j be (124/(-5))/((-2)/15). Let y = j - 109. What is the greatest common divisor of y and u?
7
Let r(g)